{"id":68,"date":"2019-12-08T09:42:19","date_gmt":"2019-12-08T12:42:19","guid":{"rendered":"https:\/\/camaracalunga.com\/camaranotapaulista\/?page_id=68"},"modified":"2021-01-08T17:35:12","modified_gmt":"2021-01-08T20:35:12","slug":"como-apoiar","status":"publish","type":"page","link":"https:\/\/camaracalunga.com\/camaranotapaulista\/como-apoiar\/","title":{"rendered":"Como apoiar"},"content":{"rendered":"<p>[et_pb_section fb_built=&#8221;1&#8243; _builder_version=&#8221;4.0.7&#8243; background_color=&#8221;#f5851f&#8221; custom_padding=&#8221;||0px|||&#8221;][et_pb_row column_structure=&#8221;1_2,1_2&#8243; _builder_version=&#8221;4.0.7&#8243; hover_enabled=&#8221;0&#8243; sticky_enabled=&#8221;0&#8243;][et_pb_column type=&#8221;1_2&#8243; _builder_version=&#8221;4.0.7&#8243;][et_pb_text _builder_version=&#8221;4.7.7&#8243; header_font=&#8221;||||on||||&#8221; header_text_color=&#8221;#ffffff&#8221; header_font_size=&#8221;36px&#8221; hover_enabled=&#8221;0&#8243; sticky_enabled=&#8221;0&#8243;]<\/p>\n<h1>COMO APOIAR<\/h1>\n<p>[\/et_pb_text][et_pb_text _builder_version=&#8221;4.7.7&#8243; text_text_color=&#8221;#ffe09e&#8221; text_font_size=&#8221;18px&#8221; hover_enabled=&#8221;0&#8243; sticky_enabled=&#8221;0&#8243;]<\/p>\n<div style=\"float: left; margin-right: 10px;\"><img decoding=\"async\" src=\"https:\/\/camaracalunga.com\/camaranotapaulista\/wp-content\/uploads\/2019\/12\/n1.png\" alt=\"1\" \/><\/div>\n<div>\n<p><strong>Entre no site<\/strong><br \/> <span style=\"color: rgba(8, 59, 170, 0.58);\"><a href=\"https:\/\/www.nfp.fazenda.sp.gov.br\" style=\"color: rgba(8, 59, 170, 0.58);\"><strong> www.nfp.fazenda.sp.gov.br<\/strong><\/a><\/span><\/p>\n<p><strong><\/strong><\/p>\n<\/div>\n<div style=\"float: left; margin-right: 10px;\"><img decoding=\"async\" src=\"https:\/\/camaracalunga.com\/camaranotapaulista\/wp-content\/uploads\/2019\/12\/n2.png\" alt=\"1\" \/><\/div>\n<div>\n<p><strong>Fa\u00e7a o seu cadastro e depois<\/strong><br \/> <strong> selecione a aba Entidades<\/strong><\/p>\n<p><strong><\/strong><\/p>\n<\/div>\n<div style=\"float: left; margin-right: 10px;\"><img decoding=\"async\" src=\"https:\/\/camaracalunga.com\/camaranotapaulista\/wp-content\/uploads\/2019\/12\/n3.png\" alt=\"1\" \/><\/div>\n<div>\n<p><strong>Clique na op\u00e7\u00e3o Doa\u00e7\u00e3o de Cupons<\/strong><br \/> <strong> com CPF. \u00c9 s\u00f3 colocar o<\/strong><br \/> <strong> CNPJ do Instituto Camar\u00e1<\/strong><br \/> <strong> 02.360.954\/0001-30<\/strong><br \/> <strong> e indique o per\u00edodo de doa\u00e7\u00e3o<\/strong><\/p>\n<p><strong><\/strong><\/p>\n<\/div>\n<div style=\"float: left; margin-right: 10px;\"><img decoding=\"async\" src=\"https:\/\/camaracalunga.com\/camaranotapaulista\/wp-content\/uploads\/2019\/12\/n4.png\" alt=\"1\" \/><\/div>\n<div>\n<p><strong>Ap\u00f3s a confirma\u00e7\u00e3o do<\/strong><br \/> <strong> cadastro, envie seu nome<\/strong><br \/> <strong> e telefone para o email<\/strong><br \/> <strong> contato@camaracalunga.com.br<\/strong><br \/> <strong> ou para o WhatsApp 13-991238234<\/strong><\/p>\n<\/div>\n<p>[\/et_pb_text][\/et_pb_column][et_pb_column type=&#8221;1_2&#8243; _builder_version=&#8221;4.0.7&#8243;][et_pb_image src=&#8221;https:\/\/camaracalunga.com\/camaranotapaulista\/wp-content\/uploads\/2019\/12\/notebook-nfp2.png&#8221; _builder_version=&#8221;4.0.7&#8243;][\/et_pb_image][et_pb_image src=&#8221;https:\/\/camaracalunga.com\/camaranotapaulista\/wp-content\/uploads\/2019\/12\/nfp-e1575937106626.png&#8221; url=&#8221;http:\/\/www.nfp.fazenda.sp.gov.br&#8221; align=&#8221;center&#8221; _builder_version=&#8221;4.0.7&#8243;][\/et_pb_image][\/et_pb_column][\/et_pb_row][\/et_pb_section]<\/p>\n","protected":false},"excerpt":{"rendered":"<p>COMO APOIAR Entre no site www.nfp.fazenda.sp.gov.br Fa\u00e7a o seu cadastro e depois selecione a aba Entidades Clique na op\u00e7\u00e3o Doa\u00e7\u00e3o de Cupons com CPF. \u00c9 s\u00f3 colocar o CNPJ do Instituto Camar\u00e1 02.360.954\/0001-30 e indique o per\u00edodo de doa\u00e7\u00e3o Ap\u00f3s a confirma\u00e7\u00e3o do cadastro, envie seu nome e telefone para o email contato@camaracalunga.com.br ou para [&hellip;]<\/p>\n","protected":false},"author":3,"featured_media":0,"parent":0,"menu_order":0,"comment_status":"closed","ping_status":"closed","template":"","meta":{"_et_pb_use_builder":"on","_et_pb_old_content":"","_et_gb_content_width":"","footnotes":""},"class_list":["post-68","page","type-page","status-publish","hentry"],"_links":{"self":[{"href":"https:\/\/camaracalunga.com\/camaranotapaulista\/wp-json\/wp\/v2\/pages\/68","targetHints":{"allow":["GET"]}}],"collection":[{"href":"https:\/\/camaracalunga.com\/camaranotapaulista\/wp-json\/wp\/v2\/pages"}],"about":[{"href":"https:\/\/camaracalunga.com\/camaranotapaulista\/wp-json\/wp\/v2\/types\/page"}],"author":[{"embeddable":true,"href":"https:\/\/camaracalunga.com\/camaranotapaulista\/wp-json\/wp\/v2\/users\/3"}],"replies":[{"embeddable":true,"href":"https:\/\/camaracalunga.com\/camaranotapaulista\/wp-json\/wp\/v2\/comments?post=68"}],"version-history":[{"count":9,"href":"https:\/\/camaracalunga.com\/camaranotapaulista\/wp-json\/wp\/v2\/pages\/68\/revisions"}],"predecessor-version":[{"id":278,"href":"https:\/\/camaracalunga.com\/camaranotapaulista\/wp-json\/wp\/v2\/pages\/68\/revisions\/278"}],"wp:attachment":[{"href":"https:\/\/camaracalunga.com\/camaranotapaulista\/wp-json\/wp\/v2\/media?parent=68"}],"curies":[{"name":"wp","href":"https:\/\/api.w.org\/{rel}","templated":true}]}}